alculate the greatest common factor of w and 4.
4
Suppose 20*u = 7*u + 3328. What is the greatest common factor of u and 4?
4
Suppose -4*f + 1 = -7. Suppose 0*s + f*s = 2. Let o(n) = n**3 + 7*n**2 - 8*n - 89. Let t be o(-5). What is the highest common factor of s and t?
1
Let j = 1036 + -977. What is the highest common divisor of 3481 and j?
59
Let n(r) = r**2 + 11*r - 257. Let i be n(13). Calculate the highest common factor of i and 44.
11
Suppose -3*h + 4930 - 602 = -x, -5773 = -4*h - x. Calculate the greatest common divisor of h and 39.
39
Let j(n) = n**3 - 7*n**2 - 2. Let d be j(7). Let q be ((-1)/d)/((-7)/56). Let k = 7 + q. What is the greatest common divisor of k and 6?
3
Suppose 20*h - 25*h + 330 = 0. Calculate the greatest common factor of h and 22.
22
Let h(x) = -x**3 + 3*x**2 + 2*x. Let s be h(3). Let r be s*(0 + 1 + 0). Let j be ((-28)/6)/(r/(-9)). Calculate the highest common factor of j and 1.
1
Let q be (3 + -3)/(-3) + (-2 - 1). Let v be q + 3 + 3 + -1. What is the highest common factor of 5 and v?
1
Let p(h) = h**3 + 6*h**2 + 4*h + 1. Let i be p(-5). Let w = 35 + -17. Suppose 4*x = -10 + w. What is the highest common factor of x and i?
2
Let s = 46 - 26. Suppose -2*a = -22 - s. Let y(w) = w**2 - 2*w + 3. Let z be y(2). What is the greatest common factor of a and z?
3
Let u be (-8)/(8/(-117)) + -1*1. Let q = u + -74. Suppose k - 2*f + 2 = 0, -19 - 19 = -3*k - 5*f. Calculate the greatest common factor of q and k.
6
Let p = 17 - 16. Let o be p + -2 + (7 - -8). Calculate the greatest common factor of 42 and o.
14
Suppose -f - f = -68. Let w be (-85)/3*-3*(-12)/(-30). What is the greatest common factor of w and f?
34
Let l = 243 + -231. Suppose -r + 1284 = 5*n, n + r = 5*n - 1020. Suppose -4*m + 344 = 2*k, 4*m - n = m - k. What is the greatest common divisor of m and l?
12
Suppose 2*t + 4 = 0, -5*z = 5*t - 287 + 77. Calculate the highest common factor of 66 and z.
22
Let q(z) = 5*z - 2. Let l be q(-1). Let w = -13 + l. Let t be w*(3 - (-9)/(-2)). What is the greatest common divisor of 45 and t?
15
Let i(p) = -p + 30. Let k = 4 + 14. Let t be i(k). Let l be (0 - -11) + t/(-4). Calculate the highest common factor of 24 and l.
8
Let j be -2*(9 - (-1 + 3)). Let k = 140 + j. Suppose 3*y - 57 = -15. Calculate the highest common factor of y and k.
14
Suppose 0 = 4*q - 7*t + 5*t - 360, 3*t = -5*q + 450. Calculate the greatest common factor of q and 40.
10
Let j(c) = 5*c**3 + c**2 - 3*c + 1. Let r be j(1). Let l be (-2)/(-10) - (-64)/5. Suppose -l - 7 = -2*n. What is the highest common divisor of r and n?
2
Let g = -82 + 107. Suppose -27*h + g*h + 430 = 0. What is the greatest common divisor of h and 43?
43
Let o(y) = -30*y - 120. Let s be o(-14). What is the greatest common factor of s and 12?
12
Suppose -y - 4*y = -15. Suppose 6 = -y*w + z + 34, 4 = -w + 3*z. Let i = -19 + 30. What is the greatest common divisor of i and w?
11
Let y = -606 + 608. Let h = 42 - 28. Calculate the highest common divisor of h and y.
2
Let s = -17 + 83. Let y(u) = u**3 - 18*u**2 + 13*u + 74. Let z be y(17). Calculate the highest common factor of z and s.
6
Let p be (72/48)/((-3)/4*-1). What is the highest common factor of p and 14?
2
Let o(g) = -3*g**2 + 35*g - 13. Let z be o(11). Calculate the greatest common factor of z and 63.
9
Suppose -4*a + 2*j + 130 = 0, 5*j - j = a - 50. Calculate the highest common divisor of 135 and a.
15
Suppose -4*d - 3*x = -5142, -1246 - 5164 = -5*d + 5*x. Calculate the greatest common divisor of d and 12.
12
Let y be ((247/19)/13)/((-2)/(-114)). Calculate the greatest common divisor of 152 and y.
19
Let y(m) = -m**3 + 7*m**2 + 11*m - 16. Let z be y(8). Suppose 0 = 2*l - 5*u - 26, -u = 4*l - z - 0. What is the highest common divisor of l and 6?
3
Let z = -590 + 839. Suppose 0 = -8*w + z + 479. Calculate the highest common factor of 13 and w.
13
Suppose -1660*j + 1657*j = -816. Calculate the greatest common factor of 32 and j.
16
Let m(j) = 5 + 5 + 19*j - 15*j. Let x be m(5). Suppose -x = -4*r + 114. What is the greatest common divisor of 9 and r?
9
Let i = -16 - -16. Suppose -4*g - 3*f - 1 = 0, -2*g + 4*f + 16 = -i*g. Suppose -4*l + 41 = 9. Calculate the greatest common divisor of g and l.
2
Suppose 5*z = -5*t + 3*z + 336, -3*t + 189 = -3*z. Suppose 5*h - 2*h = -12. Let f be 3 + (-4)/h + 2. Calculate the highest common divisor of f and t.
6
Suppose 8 - 3 = 5*d. Calculate the highest common factor of 25 and d.
1
Suppose 1027 + 323 = 5*s. Let n(t) = -5*t - 110. Let q be n(-28). Calculate the highest common divisor of s and q.
30
Suppose -3*p + 15 = -5*l - 0*p, -2*l - 4*p = -20. Let f(n) = -n**2 - n + 13. Let b be f(l). Let r = b - 3. What is the highest common factor of r and 70?
10
Let x(d) = d**2 - 5*d - 358. Let r be x(31). What is the highest common divisor of 64 and r?
64
Suppose x - 32 = -2*x - 5*m, -3*x + 5*m = 8. Let z be (-3)/(-6) - (-38)/x. Calculate the greatest common divisor of z and 2.
2
Let i(u) = 3*u - 10. Let h be i(4). Let v be ((-6)/18)/(h/6). Let o be (-3)/(v + 4/(-8)). Calculate the highest common divisor of o and 6.
2
Suppose 0 = 3*r - 2*r - 4. Suppose v + 4*m + m = 8, -4*m = -r*v + 32. Suppose -12 = -4*o + v. Calculate the greatest common factor of 35 and o.
5
Suppose -4*f - 4 = 0, 0*f + 51 = 4*q + 5*f. What is the highest common divisor of 1099 and q?
7
Let p = -49 + 94. What is the greatest common divisor of p and 5?
5
Let k(a) = a**2 + 30*a + 70. Let g be k(0). What is the greatest common divisor of 14 and g?
14
Let f(q) = -7*q**3 - q**2 + q. Let h be f(-2). Let l be -3*2/(-6)*14. Let s be (39 - -1)*7/l. Calculate the highest common factor of h and s.
10
Let m = -21 - -24. Suppose 4*b - 4*x + 8 = 0, 3*b + x = m*x - 1. What is the highest common divisor of 3 and b?
3
Let r = 199 + -167. Calculate the greatest common divisor of 48 and r.
16
Let n be (4/((-8)/18))/(2/(-20)). Suppose 3*v = 6*v - 54. Calculate the greatest common factor of n and v.
18
Let l = -377 - -399. Calculate the highest common factor of 5 and l.
1
Let u = 2391 - 2295. What is the highest common divisor of u and 456?
24
Let j = -43 - -50. Let c = 40 + 37. What is the highest common factor of j and c?
7
Let f(a) = 9*a - 45. Let g be f(8). Let c = 2 - 1. Let d be -2 - 0 - (-21 + c). What is the greatest common divisor of d and g?
9
Let u = -44 + 188. What is the highest common divisor of u and 224?
16
Let q be (-27)/30 - -1 - (-4944)/160. Suppose 0 = -3*c + 27 + 66. Calculate the highest common divisor of q and c.
31
Let w = 15 - 16. Let k be (-4)/(-12)*w*3 + 13. What is the greatest common factor of k and 96?
12
Suppose -14 = -2*p - 2*m + 18, 4*p - 60 = -5*m. What is the greatest common divisor of 470 and p?
10
Let v be (11583/21)/3 - 4/(-28). Calculate the greatest common factor of 598 and v.
46
Let o be ((-8)/(-6))/((-39)/(-32994)). What is the greatest common divisor of 24 and o?
24
Suppose -5 + 67 = 2*w. Let m = w + -45. Let l = 4 - m. What is the greatest common divisor of l and 198?
18
Let r be (12/(-2) - 1)*-31. What is the greatest common divisor of 7 and r?
7
Let o be (-10 - -4)*4/8. Let g = o - -6. What is the highest common divisor of g and 12?
3
Suppose 1866 = 19*u - 34. Let f be 684/27 + (-2)/6. What is the highest common factor of f and u?
25
Let i be ((-120)/9)/(2/(-6)). Suppose -2*k + i = 3*k. Let o be 7 - (-119)/21*3. What is the highest common divisor of k and o?
8
Suppose 1071 = -2*t - 7*t. Let a = -83 - t. Let z = 17 - 11. Calculate the greatest common factor of z and a.
6
Suppose -13*a + 571 = -599. Calculate the greatest common divisor of a and 10.
10
Suppose -17*l + 245 + 129 = 0. Let z(w) = -55*w. Let d be z(-2). What is the greatest common divisor of d and l?
22
Let k be 6/((-72)/20 + 4). Let z = 9 + k. Let j be z/32 - 125/(-4). Calculate the greatest common divisor of j and 16.
16
Suppose -519*v + 551*v = 96. Let i(m) = m**2 - 4*m + 5. Let a be i(4). What is the highest common divisor of v and a?
1
Suppose 5*v + 146 = -239. Let w = -67 - v. What is the highest common factor of w and 40?
10
Suppose -3 = 3*n - 2*u - 2, -n - 3*u + 18 = 0. Let x be ((-1)/(-2))/(n/90). Calculate the greatest common divisor of 30 and x.
15
Suppose -2*a + 275 = 5*f - 344, 5*f = -4*a + 1263. What is the greatest common divisor of a and 